ivided by 6*-14*(-21)/18?
88
Suppose 4*v - 5*q + 7*q - 94 = 0, 2*v - 4*q - 72 = 0. Let h = -86 - -161. What is the remainder when h is divided by v?
23
Let g = 217 + -157. Calculate the remainder when g is divided by 32.
28
Suppose -459 = -6*k - 3*k. What is the remainder when 200 is divided by k?
47
Suppose 0 = 5*g - 360 - 245. Suppose -5*j = 15, 0*j - g = -2*c - j. Suppose -27*i + 728 = 296. Calculate the remainder when c is divided by i.
14
Let h(t) be the third derivative of 7*t**4/24 - 8*t**3/3 - 9*t**2. Let r be h(11). Let d = 115 - r. What is the remainder when d is divided by 14?
12
Suppose 0 = -5*c + 4*d + 140, 9*d - 7*d = 3*c - 86. What is the remainder when c is divided by 15?
2
Suppose -x + 2*w = -26, 14*x = 10*x + 3*w + 124. Calculate the remainder when 98 is divided by x.
30
Let h = 41 - 38. Let w(u) = 6*u**2 - 8*u + 2. Calculate the remainder when w(h) is divided by (0 + -1 - -2) + 16.
15
Suppose -4*k - 94 = -5*a, 4*k = -5*a + 3*k + 114. What is the remainder when 82 is divided by a?
16
Let b = -525 - -531. Calculate the remainder when 28 is divided by b.
4
Suppose 3*q = 4*a - 9 + 24, -3*q - 6 = 3*a. Calculate the remainder when (-1)/(-4) - 398/(-8) is divided by (52/6)/q*(1 - -2).
24
Let x = -15 - -53. Let z = 53 - x. Calculate the remainder when 44 is divided by z.
14
Suppose 3*s = 5*s + 5*v - 34, 0 = 5*s + 2*v - 106. Let z = s - -14. Suppose 18*t - 19*t = -10. Calculate the remainder when z is divided by t.
6
What is the remainder when (276/10)/((-32)/(-80)) is divided by 33?
3
Let g(t) = -t**3 - 14*t**2 + 41*t - 23. Suppose 5*d = 146 + 4. What is the remainder when g(-17) is divided by d?
27
Suppose -c + y = -221, -2*c + 319 = 4*y - 135. What is the remainder when c is divided by 28?
27
Let p = -367 + 391. What is the remainder when 621 is divided by p?
21
Suppose 7*x + 350 = 12*x. Suppose 0 = m + m - x. Suppose -8*t + m = -3*t. What is the remainder when t is divided by 3?
1
Let w(n) = -6*n - 8. Let j(l) be the second derivative of -l**3/6 - l**2/2 + l. Let r(p) = 2*j(p) - w(p). Calculate the remainder when r(5) is divided by 7.
5
Suppose 4*a + 54 = 2*s, -3*s = 3*a - 338 + 239. Calculate the remainder when s is divided by ((-40)/6)/(2/(-6)).
11
Let h(i) = -6 - 11*i - 14 + 41*i**2 - 42*i**2. Let n(p) = 10*p**2 - 1. Calculate the remainder when n(1) is divided by h(-8).
1
Let z(n) = 4*n**2 + 3*n - 3. Suppose g - 6*g - 3*s = 5, s = 4*g + 21. What is the remainder when z(g) is divided by (-195)/(-15) + 0/(-1)?
10
Let x = 34 - 28. Let y = 76 - x. What is the remainder when y is divided by 18?
16
Let z(a) = 2*a**2 + 17*a + 45. Let n be z(-13). Suppose n = 12*r - 246. Calculate the remainder when 135 is divided by r.
33
Let a(s) = 2*s**2 + s - 7. Calculate the remainder when 144 is divided by a(-4).
18
Let m(t) = 2*t**2 + t + 1. Let d be m(-3). Let j = d + -1. Let y(r) = -r**3 - 6*r**2 + 5*r - 6. What is the remainder when j is divided by y(-7)?
7
Let q(g) = -g**2 + 22*g - 15. Let m be q(12). Let r = -34 + m. Calculate the remainder when r is divided by (27*4/42)/((-6)/(-28)).
11
Let p(o) = -o**2 - 17*o + 21. Let b be p(-18). Suppose b*m - 92 = 5*r, 2*m - 63 = 3*r - 0*r. Calculate the remainder when m is divided by 10.
9
Let g = -22 + 67. Let c(v) = v**2 - 8*v + 4. Let h be c(8). Calculate the remainder when g is divided by (12 - h)*(2 - 0).
13
Let k(r) = -r + 9. Suppose 5*d + 4*o = 223, 4*d - 9*o + 12*o - 178 = 0. What is the remainder when d is divided by k(0)?
7
Let g(w) = 12*w**3 + 3*w**2 - 3*w + 1. Calculate the remainder when 72 is divided by g(1).
7
Let h = 418 - 402. Calculate the remainder when 95 is divided by h.
15
Suppose -2*d + d + 7 = 0. Suppose t - 18 = -d. Suppose -145 = -2*k - 3*k. What is the remainder when k is divided by t?
7
Suppose 2*v = 11 - 1. Let m(u) = u**2 - 6. Let y be m(v). Suppose -5*f + 5*z = z - 113, -f + y = z. Calculate the remainder when f is divided by 11.
10
Let c = -266 - -159. Let p = 124 + c. What is the remainder when 33 is divided by p?
16
Calculate the remainder when 403 is divided by 20 + 1 + -4 - 2.
13
Suppose 4*n + 14 = 5*n. Let p = n - 13. Suppose 2*o - 256 = -j, p + 7 = -4*j. Calculate the remainder when o is divided by 33.
30
Suppose -3*d + 11 + 1 = 0. Let s = d + 0. Suppose s*a = -3*n - 0*a + 87, -n = -2*a - 29. What is the remainder when 86 is divided by n?
28
Let x(n) = 4*n**3 - 2*n**2 + 6*n - 6. Let d = 9 + 8. Calculate the remainder when x(2) is divided by d.
13
Suppose 5*y - 4*x - 251 = 0, -63 = -2*y + 4*x + 35. Let g(b) = 3*b + 4 + 1 - 2 + 3. What is the remainder when y is divided by g(4)?
15
Let h(p) = -p**2 - 7*p - 1. Let s be h(-6). Suppose -2*j = -10, s*n - 4*j + 11 = 106. Let u = 163 + -72. What is the remainder when u is divided by n?
22
Calculate the remainder when 253/6 - ((-49)/(-6) + -8) is divided by 41.
1
Let r be (-2 + 12/4)/(-1). What is the remainder when 130 is divided by 2 - 62*((-1)/(-2) + r)?
31
Let y(q) = 11*q + 5. Let d be (-30)/(-8) + (-7)/(-28). Suppose 0 = n + 3*x - 13, -7 = 3*n + 3*x - 46. Calculate the remainder when y(d) is divided by n.
10
What is the remainder when (1 + -277)*(-2)/3 is divided by 3/(-3 + (5 - 413/217))?
29
Suppose 5*k = -c + 2, 3*c + 3 = -4*k + 20. Calculate the remainder when 396 is divided by c.
4
Let a = 50 - 41. Let w(p) = -p**2 + 13*p - 7. What is the remainder when 113 is divided by w(a)?
26
Let y(u) = 3*u**2 + 33*u + 13. What is the remainder when y(-12) is divided by 20?
9
Let t = -581 - -589. Calculate the remainder when 15 is divided by t.
7
Suppose 4*q = 4*a - 8, 0*q - 2*q + 4*a - 12 = 0. Let t be (0 + 24)/(q/(-11)). Calculate the remainder when (3 + -2)/((-3)/t) is divided by 15.
14
Let v(s) = 2*s - 30. What is the remainder when 40 is divided by v(27)?
16
What is the remainder when 6/4 - ((-1302)/4 - 2) is divided by 30?
29
Let b(p) = p**3 + 24*p**2 - 26*p - 6. Let n be b(-25). Suppose -60 = n*v - 23*v. Calculate the remainder when v is divided by 10.
5
Suppose -2*n - 700 = -4*z, 5*z - n + 6*n = 845. Calculate the remainder when z is divided by 62.
49
Let c = 74 - -101. Suppose -5*z + 55 = -c. What is the remainder when z is divided by 12?
10
Let f(d) = d**3 + 23*d**2 + 16. Calculate the remainder when 20 is divided by f(-23).
4
Suppose 0 = 3*h - 4*d - 541, -2*h = 2*h + 2*d - 692. What is the remainder when h is divided by 10?
5
Let v(f) be the third derivative of f**5/30 + 3*f**4/8 - 11*f**3/6 - 15*f**2. What is the remainder when v(7) is divided by 17?
14
Let k(r) = 3*r + 42. Suppose -2*i - 4*j - 16 = 0, 3*i = 3*j + 2 - 8. Let h(s) = s**3 + 5*s**2 - 2. What is the remainder when h(i) is divided by k(-11)?
5
Suppose 3*l - 9 = -3*v, 4*l - 2*v - 1 + 19 = 0. Let p be (0 + l)/(2/29). Let r = p - -53. Calculate the remainder when r is divided by 14.
10
Suppose -4*w + r + 1084 = 5*r, 1371 = 5*w + r. Calculate the remainder when w is divided by 56.
51
Suppose 9*x - 154 = 5*x + 5*m, m + 162 = 4*x. Calculate the remainder when x is divided by 5.
1
Let z = 38 + -16. Suppose 4*i = 12*k - 9*k + 42, 5*i = 5*k + 50. What is the remainder when z is divided by i?
10
Let k = -1004 + 1012. What is the remainder when 87 is divided by k?
7
Let j(z) = z**2 + z - 51. Calculate the remainder when 98 is divided by j(-9).
14
Calculate the remainder when 61 is divided by (-4)/24 + (-776)/(-48).
13
Let k = 383 - 349. Calculate the remainder when 473 is divided by k.
31
Suppose 2*t - j = 24, 5*t = 6*t + 4*j - 12. What is the remainder when 59 is divided by t?
11
Let k = -39 + 86. Suppose -k - 25 = -3*n. Calculate the remainder when 94 is divided by n.
22
Suppose -b - 5*h + 224 = 0, -4*b + 9*b - h = 1146. What is the remainder when b is divided by 29?
26
Suppose -5*o = 3*v + 5, -3*o + 0*o = 2*v + 4. Suppose 47 = 4*h - 5*p, o*h - 8 = h + 5*p. What is the remainder when 36 is divided by h?
10
What is the remainder when (46/6 - 6)/((-1)/(-129)) is divided by 6?
5
Suppose 0 = -2*y + 35 + 1. Suppose 17*q - y*q = -3. What is the remainder when 9 is divided by q?
0
Suppose 25*s - 21*s = 40. Let h(l) = 8*l - 9. What is the remainder when h(6) is divided by s?
9
Let c = 66 - 62. Suppose 0 = c*l + 2 - 42. What is the remainder when 47 is divided by l?
7
Let f(p) = 3*p**2 + p + 163. Calculate the remainder when f(0) is divided by 42.
37
Let o(y) = y*